+ d?
7
Suppose -a = a. Suppose -3*i + 4*d + 1 = -0*i, a = i + 3*d - 22. List the prime factors of i.
7
List the prime factors of 3/2*(-872)/(-12).
109
Suppose 5*q - 3*p + 5 = -2*p, 5*p - 4 = 4*q. Let y be (q - 0)*148/(-4). Suppose -5*c + 2*g + y = 0, -5*c + c = -g - 32. What are the prime factors of c?
3
Let l(u) = -u**3 - 6*u**2 + 9*u - 8. List the prime factors of l(-8).
2, 3
Suppose -3*o + 0 = -6. List the prime factors of o.
2
Let m be (2/3)/((-6)/(-45)). Suppose -5*n = -3*p + 40, 3*p = 4*p + m*n. What are the prime factors of p?
2, 5
Let q(j) = -j**3 - 11*j**2 - 12*j - 5. Let h(p) be the first derivative of p**3/3 + 5*p**2 - p + 4. Let n be h(-9). List the prime factors of q(n).
3, 5
Let g(q) = 10*q - 4. Let o be g(2). Suppose 3*i + 6*j - j = 8, 2*j + 2 = 4*i. List the prime factors of i + -2 + o + -4.
11
Let s = 237 - 92. What are the prime factors of s?
5, 29
Let x(c) be the second derivative of 0 - 1/2*c**2 - c**3 + c. List the prime factors of x(-2).
11
Let z(n) = -n**3 + 15*n**2 - n + 14. What are the prime factors of z(7)?
3, 7, 19
Suppose 4*v + 4*n - 19 = 37, -4*v = 3*n - 54. Let w be 99/v + 3/4. Let m = -3 + w. What are the prime factors of m?
2, 3
Let s(x) = -x**3 + 10*x**2 + 5*x - 4. Let g be s(9). Let c = -86 + g. What are the prime factors of c?
2, 3
Suppose -1879 = -11*k + 167. What are the prime factors of k?
2, 3, 31
Suppose 2*s + 0*s = 224. What are the prime factors of s?
2, 7
Let c(h) = h**2 + 3*h - 7. Let o be c(-5). Suppose -2*u + 0 + 73 = -o*t, 2*t + 35 = u. List the prime factors of u.
41
Let v = 8 + 72. List the prime factors of v.
2, 5
Let y(z) = z**3 + 13*z**2 + z - 5. List the prime factors of y(-11).
2, 113
Suppose -7 = -3*d - 1. Suppose 5*x + 4*u = 81 + 44, -3*u = d*x - 57. What are the prime factors of x?
3, 7
List the prime factors of 453/(0 + 18/12).
2, 151
Suppose 4*z = -2*w - z - 20, 4*w + 4*z + 16 = 0. Suppose -3*y + 98 = 5*u, -2*y + w*u = 4*u - 68. List the prime factors of y.
2, 13
Let j be ((-40)/12)/((-2)/(-6)). Suppose -2*x - 22 = -o, 2*x + 56 + 38 = 5*o. Let c = o + j. List the prime factors of c.
2
Let c = 7 + 0. What are the prime factors of c?
7
Suppose 4*p + 24 = -0. List the prime factors of ((-4)/(-3))/((-4)/p).
2
Let s(u) = u + 1. Let d be s(3). Suppose h - d = -1. Suppose 12 = 2*q + 2*t, 2*q + 3*q = -h*t + 28. What are the prime factors of q?
5
Let d(a) = -2*a - 9. Let x be d(-7). Suppose 4*u = 2*q - 26, x*q - 2*u - 58 = u. List the prime factors of q.
11
Suppose 4*s - 12 = 20. Let n(o) = -o**2 + 13*o - 8. List the prime factors of n(s).
2
Let j = -5 + 1. Suppose 4 = -0*i + 4*i, 0 = -l + 3*i + 4. Let y = j + l. What are the prime factors of y?
3
Let m(c) = -18*c - 67. What are the prime factors of m(-21)?
311
Suppose -p + 4*a - 22 = 0, 0 = -3*p - 4*a + a - 21. List the prime factors of (-44)/p - (-4)/(-10).
2
List the prime factors of (0 - 10)/(4/(-30)).
3, 5
Let j = -7 - -8. Let s = 10 - j. List the prime factors of s.
3
Suppose -2*g - 5*o + 24 + 1 = 0, 62 = 4*g - 2*o. What are the prime factors of g?
3, 5
Let f(t) = t**2 - 5*t + 3. Let l be f(5). Suppose -6 = -l*y, -4*z + 8*z - 5*y = 38. List the prime factors of z.
2, 3
Let g(v) = -2*v**3 + 2*v**2 + 2*v + 1. Let y be g(-1). Suppose 37 = 4*b + 2*p + y*p, -p = -4*b + 7. List the prime factors of b.
3
Suppose 3*i - 2*i = 5. Suppose 26 = -i*z + 76. What are the prime factors of z?
2, 5
Let w be (0 + 0)*(-10)/20. Suppose w - 2 = -u. List the prime factors of u.
2
Let t = 113 - 50. What are the prime factors of t?
3, 7
Let a = 13 - -117. What are the prime factors of a?
2, 5, 13
Let g(d) = -d**2 - 2*d - 4. Let w be g(-5). Let r = 19 - w. List the prime factors of r.
2, 19
Suppose 15*n = 4128 + 957. What are the prime factors of n?
3, 113
Let z(f) = -2*f + 2. Let o be z(4). Let j(t) = t**2 + 4*t - 7. Let c be j(o). List the prime factors of 6/c*10/3.
2
What are the prime factors of (-3 - -2)*178/(-2)?
89
Let c(i) = -i**2 + 4*i. Let k be c(3). Let f(y) = 12 + y**2 - y**k - y + y. List the prime factors of f(0).
2, 3
Let b = 14 + 76. What are the prime factors of b?
2, 3, 5
Let a = 1 - -1. Suppose 3 = -a*g + 3*g. Suppose -g*c = -l - 3, 3*l - 21 = 3*c - 4*c. List the prime factors of l.
2, 3
Let j(x) = -x**2 - 11*x - 8. List the prime factors of j(-9).
2, 5
Suppose -5*r - 5*r + 2910 = 0. List the prime factors of r.
3, 97
Suppose -13 + 1 = -2*h. Suppose h*f = -2*z + 2*f + 70, -3*f = 3*z - 90. What are the prime factors of z?
5
Suppose 4*f + 3*m - 111 = -0*m, 3*m - 51 = -2*f. What are the prime factors of f?
2, 3, 5
Let z(k) = k**2 + 2*k + 1. Let f be z(-3). Suppose x - 4*j - f = 7, -j - 22 = -2*x. What are the prime factors of x?
11
Suppose -2*f + 3*p + 39 = 0, p = 4*f - 3*p - 68. Let t = 22 - f. What are the prime factors of t?
2, 5
Suppose -17 = -g + 19. Suppose -5*w + 8 = 4*z, 4*z - 3*w - 8 = w. Suppose z*t - g = -t. What are the prime factors of t?
2, 3
List the prime factors of (180/50)/(1/5).
2, 3
Let s(j) = 12*j**2 - 6*j + 3. Let r(h) = 25*h**2 - 13*h + 7. Let m(f) = -4*r(f) + 9*s(f). Let l be m(2). What are the prime factors of l/3 + 3 - 3?
3
Let y(k) = -k**3 - k. Let u(a) = 3*a**3 - 3*a**2 - 2*a + 1. Let o(l) = -u(l) - 2*y(l). What are the prime factors of o(3)?
11
Suppose -411 - 589 = -5*a. What are the prime factors of a?
2, 5
Suppose -c = -3*c + 90. Suppose 3*z + g = -g + 30, 5*z = -5*g + c. What are the prime factors of z?
2, 3
Suppose -2*k + 6 = -3*m - 5*k, 2*m = 5*k + 31. Let h(t) = t**3 - 3*t**2 + 4*t - 3. Let g be h(m). What are the prime factors of (3*(-12)/g)/(-1)?
2
Let z be 1/(-2)*(-11 + 1). Suppose 2*u - z*n = 63, 2*n + n + 167 = 5*u. List the prime factors of u.
2, 17
Suppose 0*z - 56 = z. List the prime factors of (z/(-12) - 1)*3.
11
Let z be (-5 + 2)*(-2 - -1). Suppose -z = -t - 2*t. What are the prime factors of ((-4)/12)/(t/(-12))?
2
Suppose -2*r = 4*k + 42, 2*r - k = -4*k - 39. List the prime factors of ((-16)/10)/(3/r).
2
Suppose 16 = 5*d - 4. What are the prime factors of 59/d - 1/(-4)?
3, 5
Let s = -23 - -68. List the prime factors of s.
3, 5
Let s(i) = 6*i**3 - 10*i**3 + 5*i**3 - 1 + 11*i**2 + 9*i - 4. List the prime factors of s(-10).
5
Let z = -18 + 11. Let s(j) = 3*j**2 - 4*j - 1. Let n be s(3). Let u = n + z. What are the prime factors of u?
7
Let z(q) = 7*q - 7. Let g(h) = -h. Let r(j) = -6*g(j) - z(j). Let x be r(5). Suppose -o - 4*f + 8 = -2, 2*o - x*f = 10. What are the prime factors of o?
2, 3
Let l(p) = -16*p**2 + 35*p - 26. Let j(i) = 3*i**2 - 7*i + 5. Let q(o) = 11*j(o) + 2*l(o). What are the prime factors of q(9)?
3, 7
Let h = 56 + 9. Suppose -3*f = -8*f + h. List the prime factors of f.
13
Suppose 0 = 2*x + 2*l - 8, -2*l - 6 = x - 6*l. Suppose -x*o + 7 = -5. Suppose 0*p - o = -p. List the prime factors of p.
2, 3
Let m = -5 + 6. Let s be 0 + (4 - m - 0). Suppose z - s*z = -12. What are the prime factors of z?
2, 3
List the prime factors of ((-30)/18)/((-2)/6).
5
Suppose 0 = -4*m - 20, -m - 2*m = 2*d - 53. What are the prime factors of d?
2, 17
Let z be (6 + -3)/(-1) + 2. Let g = -1 + z. List the prime factors of 17 - (2 + 0 + g).
17
Let q be (1 - 0)*-1 + 1. Suppose -3*d + 8 - 2 = q. Suppose 5*k = -2*c + 27, d*k + 6 = 2*c - 0. What are the prime factors of c?
2, 3
Suppose 2*a + 8 = -4. Let z = 6 - a. What are the prime factors of ((-5)/(-5))/(1/z)?
2, 3
Let k(t) = -5*t - 2. Let z be k(2). Let r be (-102)/8 - (-3)/z. List the prime factors of r/(-5) - (-15)/(-25).
2
Let h(l) be the third derivative of -l**6/40 - l**4/12 - l**3/2 + l**2. Let t be h(-2). Suppose -7*f + 2*f = -t. What are the prime factors of f?
5
Suppose -5*u + 743 = 5*y - 197, -3*y = 2*u - 565. What are the prime factors of y?
3, 7
Let t(a) = -a**2 + 11*a - 10. What are the prime factors of t(7)?
2, 3
Suppose 2*v - 2*u = 5*v - 25, -v = -4*u + 1. What are the prime factors of v?
7
Suppose 4*r - g + 9 = 0, -r - g - 18 = 4*r. List the prime factors of 62/((-2)/3*r).
31
Let v = -12 - -6. List the prime factors of ((-2)/v)/(7/462).
2, 11
Let u(m) = m**2 - 5*m - 10. Let p be u(7). Suppose 0*b - 3*b + 5*c + 67 = 0, p*b = 2*c + 108. List the prime factors of b.
29
Suppose -5*j = -8*j + 213. What are the prime factors of j?
71
Suppose -7*b + 202 + 1037 = 0. List the prime factors of b.
3, 59
Suppose -2*q - 6 = 0, 4*q + 16 = -o + 5*o. Let z be 